 216. What are the prime factors of l?
2, 3
Suppose h - 919 = -7. List the prime factors of h.
2, 3, 19
Let c(b) be the first derivative of -b**4/4 + b**3/3 + b**2/2 - 8*b - 13. What are the prime factors of c(-4)?
2, 17
Suppose -11*o + 1042 = -9*o. List the prime factors of o.
521
Let j(i) = -1054*i + 29. What are the prime factors of j(-2)?
2137
Suppose y - 4 = -0. Let b(s) = 4*s - 2. List the prime factors of b(y).
2, 7
Let p = -96 - -306. List the prime factors of p.
2, 3, 5, 7
Suppose 0*j - 18 = -j. Suppose 3*q - 2*q - 4 = 4*p, -4*p = -3*q + 12. Suppose -3*u + u + j = p. List the prime factors of u.
3
Let l(b) = 15*b - 2. Let y be l(4). Suppose -4*m = 14 - y. What are the prime factors of 58/4 - m/22?
2, 7
Let b = 203 + -67. Let z = b - -83. List the prime factors of z.
3, 73
What are the prime factors of -7 - (-2 - 19380/10)?
1933
Suppose -17715 = -32*y + 12237. List the prime factors of y.
2, 3, 13
Let g(m) = -m**2 + 13*m + 15*m + 46 - 15. What are the prime factors of g(27)?
2, 29
Let t = -33 - -23. Let q(g) = -g**3 - 11*g**2 - 10*g + 1. Let h be q(t). Suppose h = j - 16. What are the prime factors of j?
17
What are the prime factors of (0 + -3)/((-21)/9058)?
2, 647
Suppose 10*i + 962 = 3382. List the prime factors of i.
2, 11
Let d(z) = 2*z**2 - z + 3. Let g be d(0). Suppose 287 = 3*q - k, 2*q + 5*k = g*k + 194. What are the prime factors of q?
2, 3
Suppose 0*o = -2*o - 5*v - 5, o - 4*v = -35. Let q = 26 + o. Suppose 4*t - 10 = -5*y + 51, 0 = -y - 2*t + q. What are the prime factors of y?
13
Suppose -146 = -4*v + o + 607, -5*v = -4*o - 933. List the prime factors of v.
3, 7
Let p = -4 + 38. Suppose 0 = r + 4*l - p - 44, 186 = 3*r - 4*l. List the prime factors of r.
2, 3, 11
Let w = -2257 + 3872. List the prime factors of w.
5, 17, 19
Let z = -214 + 310. List the prime factors of z.
2, 3
Let v(w) = 3*w**2 - 32*w + 18. List the prime factors of v(-19).
1709
Let z(m) = 548*m**3 + m**2 - 2*m + 1. Let o be z(1). Suppose -2*q + 4*q - o = 0. What are the prime factors of q?
2, 137
Suppose -4*f - 3*x + 3 = 0, 3*x - 2*x = f + 1. Suppose -4*h + 264 + 396 = f. What are the prime factors of h?
3, 5, 11
Suppose 2*k + 2*k = 0. Suppose k = -3*n + 9, -5*c - 2 - 123 = 5*n. Let p = c - -47. List the prime factors of p.
19
Let n be 2*(1 + 1/(-2)). Let p(t) = 52*t + 3. What are the prime factors of p(n)?
5, 11
Suppose 8*u - 4*u - 4 = 0. Let q be u - 190/((-2)/(-1)). Let f = -48 - q. List the prime factors of f.
2, 23
Suppose 3*b - 69 = 3*y + 6*b, 0 = 5*b. Let n = y + 25. What are the prime factors of n?
2
Let v(l) = 140*l - 791. List the prime factors of v(27).
7, 61
Let w(p) = 8*p + 3. Let j be w(7). Let m(q) = -q**2 + 18*q + 18. Let i be m(17). Let k = j - i. List the prime factors of k.
2, 3
Suppose 2*w = -j + w, 4*w - 10 = j. Let c(u) be the first derivative of -17*u**2/2 + 36. What are the prime factors of c(j)?
2, 17
Let o(j) = j**3 - 17*j**2 + j - 15. Let i be o(17). Let t(c) = c**i + c - 1 + 3*c + 4*c**3 - 3*c - 3*c**2. What are the prime factors of t(2)?
5
Let o = 6 - 3. Let s = 136 - 481. What are the prime factors of o + s/(-5) - 0?
2, 3
Suppose -m - 10 = -3*m. Suppose -f - 30 + 180 = -m*g, 705 = 4*f + g. Suppose -3*d - f = -10*d. What are the prime factors of d?
5
Suppose 11*y = c + 9*y - 1999, -3*c + 6041 = 5*y. List the prime factors of c.
3, 223
Let l(b) = -b**3 - 6*b**2 - 8*b - 1. Suppose 0 = n - 5*n + 20. Let p be (-32)/n - (-2)/5. List the prime factors of l(p).
47
List the prime factors of (0 - 30)/((-14)/581).
3, 5, 83
Let a(w) = 2*w**3 - 13*w**2 - w + 3. Suppose -1 = -3*x + 5*r, -5*r = -0*r - 20. List the prime factors of a(x).
3, 5
Suppose 0 = 4*a + w - 3796, 0 = 2*a - 6*w + 10*w - 1884. What are the prime factors of a?
2, 5, 19
List the prime factors of 3*1/5 + 17304/35.
3, 5, 11
Suppose -5*m = -4*u + 20, -5*u + 0*u - 2*m + 25 = 0. Suppose 6*x - u*x = 141. What are the prime factors of x?
3, 47
Suppose 472 = 4*c - 1132. What are the prime factors of c?
401
Let k(s) = 4 + 3*s + 6*s**2 + 0*s - 8 - s**3. What are the prime factors of k(5)?
2, 3
Let f(p) = p**3 - 16*p**2 + 20*p - 20. Let z(a) = 2*a**3 - 5*a**2 + 4*a - 6. Let q be z(3). What are the prime factors of f(q)?
5, 11
Let r = -1188 + 1190. Let s = 0 - -2. Suppose -4*c + s*y = -5*c + 25, 5*c = -r*y + 141. List the prime factors of c.
29
Let d = 56 + 42. Suppose -h = -2*u + 24, 3*h + d - 38 = 5*u. List the prime factors of u.
2, 3
Suppose -90*b + 101*b - 3674 = 0. List the prime factors of b.
2, 167
Let l(o) = -o**3 + 3*o**2 + 28*o + 3. Let h be l(7). Let t(w) = 8*w**2 + 4*w. Let q be t(-3). Suppose 0 = h*u - q - 15. What are the prime factors of u?
5
Let u = 356 + -73. What are the prime factors of u?
283
Let b = 2 + 0. Suppose b = 4*a - 5*a. List the prime factors of 41/((3 + a)/1).
41
Let p(u) = u + 3*u - 2*u + 3. Let r(v) = -5*v - 86. Let g be r(-19). What are the prime factors of p(g)?
3, 7
Suppose 0 = -7*y + 5*y + 306. Suppose 0 = -n + 4*n - y. List the prime factors of n.
3, 17
Suppose -3*n = 12, 0*n = -3*w + 4*n - 59. Let b = -27 - w. List the prime factors of 29/((b + 1)*-1).
29
Let b(w) = -2*w + 27. Let n be b(12). Suppose 16 = -4*m, -83 = -3*v + n*m + 109. List the prime factors of v.
2, 3, 5
Let j(g) = -9*g**2 - g**2 + 4*g**2 - 8 - g**3 + 0*g**3. List the prime factors of j(-8).
2, 3, 5
Suppose -7*a - 511 + 1939 = 0. Suppose -3*r - 4*u + 5*u + 202 = 0, -3*u - a = -3*r. List the prime factors of r.
67
Suppose 6*o - 2*r = 7*o - 182, -5*o = -r - 910. What are the prime factors of o?
2, 7, 13
Let i = 213 + -145. Let s be 12/(-60) - i/10. Let w(n) = n**2 + 2*n - 5. List the prime factors of w(s).
2, 3, 5
Suppose -4*u + 4*v = 2*v - 1520, -v + 1914 = 5*u. What are the prime factors of u?
2, 191
Let m(h) = 3*h**2 + 5*h + 3. Let q be m(-4). Let x(s) = s**2 - 5*s + 2. Let g be x(5). Suppose -g*r = q - 93. What are the prime factors of r?
31
Let i(y) = 6*y**2 + 4*y + 1. Let k(s) = -4*s**2 - 3*s - 1. Let d(r) = 5*i(r) + 7*k(r). List the prime factors of d(-4).
2, 17
Suppose -82341 = -49*i - 7812. What are the prime factors of i?
3, 13
Let s be (-4)/(-18) - 892/(-36). Let z = -18 + 12. List the prime factors of (3 - s)/(4/z).
3, 11
Let z(m) = -m**3 - 7*m**2 - 4*m + 7. Let b(s) = -s**3 + 5*s**2 - 3*s + 8. Let y be b(5). List the prime factors of z(y).
5, 7
Suppose 3*a = 2*a. Suppose -2*z - 28 + a = 0. Let k = z - -55. List the prime factors of k.
41
List the prime factors of (-2)/(-20)*-2*-1385.
277
Suppose 2*g + 5*x - 8255 = -1299, -3*g + 10415 = -2*x. What are the prime factors of g?
23, 151
Let b be 1/(-6) + 4826/12. List the prime factors of b/((-3)/(-1)) - 4.
2, 5, 13
Suppose 0 = -2*c + 4*h + 1110, -3*c + 5*h + 778 = -889. List the prime factors of c.
13, 43
Suppose 0 = 2*n - r - 4306 + 907, 5*r - 5118 = -3*n. What are the prime factors of n?
3, 7
Let o be 2155/15 - (-2)/(-3). List the prime factors of o + 0*4/12.
11, 13
Suppose -95*v + 129096 = -23*v. What are the prime factors of v?
11, 163
List the prime factors of -24*(6 + (-459)/12 + -3).
2, 3, 47
Suppose -3*x = -3*a + 12165, 0 = -a + 4*a - 2*x - 12169. List the prime factors of a.
3, 11, 41
Let f(w) = 969*w**2 + 5*w + 2. List the prime factors of f(1).
2, 61
Suppose -42*v - 41053 + 188935 = 0. List the prime factors of v.
7, 503
Suppose 0 = 2*h - t - 1551, -h + 758 = -t + 4*t. List the prime factors of h.
773
Suppose 0 = w - 4*o + 18, -14*o + 16 = 3*w - 12*o. List the prime factors of (3/w)/(3/40).
2, 5
Let l(y) = 3*y. Let s be l(-2). Suppose 152 = -18*m - 20*m. Let c = m - s. What are the prime factors of c?
2
Suppose 0 = 10*u - 1076 - 354. What are the prime factors of u?
11, 13
Let j(y) = 2*y**3 - 37*y**2 - 25*y + 80. What are the prime factors of j(24)?
2, 727
What are the prime factors of (4164 + 6)/5 - 5?
829
Suppose 3 + 5 = -2*b. Let w = b + 4. Suppose w*v + 5*n = -v + 42, 3*v - 126 = 4*n. List the prime factors of v.
2, 3, 7
Let v be 4/(-56)*2586 + (-4)/14. Let t = v + 323. List the prime factors of t.
2, 3, 23
Let g(f) = 13*f**2 - 9*f + 10. List the prime factors of g(10).
2, 5, 61
Suppose 21*k = 20*k + 209. Let x = -94 + k. List the prime factors of x.
5, 23
Let w = -61 + 36. Let z = w + 14. Let f = 5 - z. List the prime factors of f.
2
Let j(m) = 20*m - 15. Let n be j(12). Suppose -n = -9*l + 4*l. Suppos